{"id":20,"date":"2016-06-29T12:29:13","date_gmt":"2016-06-29T12:29:13","guid":{"rendered":"http:\/\/wordpress.gvg-heltersberg.de\/?page_id=20"},"modified":"2023-07-12T15:42:48","modified_gmt":"2023-07-12T15:42:48","slug":"next-generation","status":"publish","type":"page","link":"https:\/\/www.gvg-heltersberg.de\/?page_id=20","title":{"rendered":"Next Generation"},"content":{"rendered":"<table style=\"width: 100%; border-collapse: collapse;\" border=\"0\" cellpadding=\"0\">\n<tbody>\n<tr>\n<td style=\"width: 30.7241%;\"><img loading=\"lazy\" decoding=\"async\" class=\"alignleft wp-image-2146 size-medium\" src=\"http:\/\/wordpress.gvg-heltersberg.de\/wp-content\/uploads\/2022\/11\/IMG_0895-e1667292073311-300x124.jpeg\" alt=\"\" width=\"300\" height=\"124\" srcset=\"https:\/\/www.gvg-heltersberg.de\/wp-content\/uploads\/2022\/11\/IMG_0895-e1667292073311-300x124.jpeg 300w, https:\/\/www.gvg-heltersberg.de\/wp-content\/uploads\/2022\/11\/IMG_0895-e1667292073311-1024x424.jpeg 1024w, https:\/\/www.gvg-heltersberg.de\/wp-content\/uploads\/2022\/11\/IMG_0895-e1667292073311-768x318.jpeg 768w, https:\/\/www.gvg-heltersberg.de\/wp-content\/uploads\/2022\/11\/IMG_0895-e1667292073311.jpeg 1026w\" sizes=\"(max-width: 300px) 100vw, 300px\" \/><\/td>\n<td style=\"width: 30.5862%;\"><img loading=\"lazy\" decoding=\"async\" class=\"wp-image-1227 aligncenter\" src=\"http:\/\/wordpress.gvg-heltersberg.de\/wp-content\/uploads\/2019\/01\/Logo-Next-Generation-300x171.jpg\" alt=\"\" width=\"143\" height=\"82\" srcset=\"https:\/\/www.gvg-heltersberg.de\/wp-content\/uploads\/2019\/01\/Logo-Next-Generation-300x171.jpg 300w, https:\/\/www.gvg-heltersberg.de\/wp-content\/uploads\/2019\/01\/Logo-Next-Generation-768x439.jpg 768w, https:\/\/www.gvg-heltersberg.de\/wp-content\/uploads\/2019\/01\/Logo-Next-Generation-1024x585.jpg 1024w, https:\/\/www.gvg-heltersberg.de\/wp-content\/uploads\/2019\/01\/Logo-Next-Generation.jpg 1336w\" sizes=\"(max-width: 143px) 100vw, 143px\" \/><\/td>\n<td style=\"width: 30.6897%;\"><img loading=\"lazy\" decoding=\"async\" class=\"alignleft size-medium wp-image-2122\" src=\"http:\/\/wordpress.gvg-heltersberg.de\/wp-content\/uploads\/2022\/10\/IMG_0899-300x107.jpeg\" alt=\"\" width=\"300\" height=\"107\" srcset=\"https:\/\/www.gvg-heltersberg.de\/wp-content\/uploads\/2022\/10\/IMG_0899-300x107.jpeg 300w, https:\/\/www.gvg-heltersberg.de\/wp-content\/uploads\/2022\/10\/IMG_0899-1024x364.jpeg 1024w, https:\/\/www.gvg-heltersberg.de\/wp-content\/uploads\/2022\/10\/IMG_0899-768x273.jpeg 768w, https:\/\/www.gvg-heltersberg.de\/wp-content\/uploads\/2022\/10\/IMG_0899.jpeg 1296w\" sizes=\"(max-width: 300px) 100vw, 300px\" \/><\/td>\n<\/tr>\n<\/tbody>\n<\/table>\n<p style=\"text-align: left;\"><span style=\"color: #000000;\">Die Idee zur Gr\u00fcndung einer neuen Chorgattung reifte Anfang 2016, wobei man die j\u00fcngsten S\u00e4nger\/innen des GVG ansprach und sich am 20.03. im Singsaal zur ersten Singprobe verabredete. Insgesamt 12 S\u00e4ngerinnen und S\u00e4nger studierten zusammen mit ihrem damaligen Chorleiter Herbert Faust das erste Liedgut, das am 16.04.16 als Premiere vorgetragen wurde, ein.<\/span><\/p>\n<p><span style=\"color: #000000;\">In der jungen Geschichte von Next Generation war sicherlich das Konzert mit Begutachtung vom Chorverband der Pfalz 2019 ein H\u00f6hepunkt, bei dem der Chor den Sonderpreis des Pr\u00e4sidenten erhielt. Da wir uns auf den Lorbeeren nicht ausruhen wollen, bilden wir uns immer weiter und besuchen gemeinsam Seminare und Angebote zur Stimmbildung. <\/span><\/p>\n<p style=\"text-align: left;\"><strong><span style=\"color: #000000;\"><img loading=\"lazy\" decoding=\"async\" class=\"size-medium wp-image-1935 aligncenter\" src=\"http:\/\/wordpress.gvg-heltersberg.de\/wp-content\/uploads\/2022\/07\/IMG-20220721-WA0000-300x225.jpg\" alt=\"\" width=\"300\" height=\"225\" srcset=\"https:\/\/www.gvg-heltersberg.de\/wp-content\/uploads\/2022\/07\/IMG-20220721-WA0000-300x225.jpg 300w, https:\/\/www.gvg-heltersberg.de\/wp-content\/uploads\/2022\/07\/IMG-20220721-WA0000-1024x768.jpg 1024w, https:\/\/www.gvg-heltersberg.de\/wp-content\/uploads\/2022\/07\/IMG-20220721-WA0000-768x576.jpg 768w, https:\/\/www.gvg-heltersberg.de\/wp-content\/uploads\/2022\/07\/IMG-20220721-WA0000-1536x1152.jpg 1536w, https:\/\/www.gvg-heltersberg.de\/wp-content\/uploads\/2022\/07\/IMG-20220721-WA0000.jpg 2048w\" sizes=\"(max-width: 300px) 100vw, 300px\" \/><\/span><\/strong><\/p>\n<p><img loading=\"lazy\" decoding=\"async\" class=\"size-medium wp-image-2481 aligncenter\" src=\"http:\/\/wordpress.gvg-heltersberg.de\/wp-content\/uploads\/2023\/07\/IMG-20230709-WA0006-300x225.jpg\" alt=\"\" width=\"300\" height=\"225\" srcset=\"https:\/\/www.gvg-heltersberg.de\/wp-content\/uploads\/2023\/07\/IMG-20230709-WA0006-300x225.jpg 300w, https:\/\/www.gvg-heltersberg.de\/wp-content\/uploads\/2023\/07\/IMG-20230709-WA0006-1024x768.jpg 1024w, https:\/\/www.gvg-heltersberg.de\/wp-content\/uploads\/2023\/07\/IMG-20230709-WA0006-768x576.jpg 768w, https:\/\/www.gvg-heltersberg.de\/wp-content\/uploads\/2023\/07\/IMG-20230709-WA0006-1536x1152.jpg 1536w, https:\/\/www.gvg-heltersberg.de\/wp-content\/uploads\/2023\/07\/IMG-20230709-WA0006.jpg 1600w\" sizes=\"(max-width: 300px) 100vw, 300px\" \/><\/p>\n<p>&nbsp;<\/p>\n<p style=\"text-align: center;\">&nbsp;<\/p>\n<p>&nbsp;<\/p>\n<p>&nbsp;<\/p>\n<p>&nbsp;<\/p>\n<p style=\"text-align: left;\"><strong><span style=\"color: #000000;\">Wir proben donnerstags und nach Absprache samstags im Singsaal der Gemeinde Heltersberg . Wenn Du Lust hast, mitzumachen, melde Dich bei Nathalie Faust unter nfaust@gmx.net.<br \/>\n<\/span><\/strong><\/p>\n<table>\n<tbody>\n<tr>\n<td><span style=\"color: #000000;\"><strong>Auftritte<\/strong><\/span><\/td>\n<\/tr>\n<tr>\n<td><span style=\"color: #000000;\">Auftritte sind unter der Rubrik <span style=\"color: #800080;\"><a style=\"color: #800080;\" href=\"http:\/\/wordpress.gvg-heltersberg.de\/?page_id=38\">Termine<\/a><\/span> zu finden<\/span><\/td>\n<\/tr>\n<\/tbody>\n<\/table>\n<p>&nbsp;<\/p>\n","protected":false},"excerpt":{"rendered":"<p>Die Idee zur Gr\u00fcndung einer neuen Chorgattung reifte Anfang 2016, wobei man die j\u00fcngsten S\u00e4nger\/innen des GVG ansprach und sich am 20.03. im Singsaal zur ersten Singprobe verabredete. Insgesamt 12 S\u00e4ngerinnen und S\u00e4nger studierten zusammen mit ihrem damaligen Chorleiter Herbert Faust das erste Liedgut, das am 16.04.16 als Premiere vorgetragen wurde, ein. In der jungen [&hellip;]<\/p>\n","protected":false},"author":1,"featured_media":0,"parent":13,"menu_order":20,"comment_status":"closed","ping_status":"closed","template":"","meta":{"ngg_post_thumbnail":0,"footnotes":"","_links_to":"","_links_to_target":""},"_links":{"self":[{"href":"https:\/\/www.gvg-heltersberg.de\/index.php?rest_route=\/wp\/v2\/pages\/20"}],"collection":[{"href":"https:\/\/www.gvg-heltersberg.de\/index.php?rest_route=\/wp\/v2\/pages"}],"about":[{"href":"https:\/\/www.gvg-heltersberg.de\/index.php?rest_route=\/wp\/v2\/types\/page"}],"author":[{"embeddable":true,"href":"https:\/\/www.gvg-heltersberg.de\/index.php?rest_route=\/wp\/v2\/users\/1"}],"replies":[{"embeddable":true,"href":"https:\/\/www.gvg-heltersberg.de\/index.php?rest_route=%2Fwp%2Fv2%2Fcomments&post=20"}],"version-history":[{"count":92,"href":"https:\/\/www.gvg-heltersberg.de\/index.php?rest_route=\/wp\/v2\/pages\/20\/revisions"}],"predecessor-version":[{"id":2668,"href":"https:\/\/www.gvg-heltersberg.de\/index.php?rest_route=\/wp\/v2\/pages\/20\/revisions\/2668"}],"up":[{"embeddable":true,"href":"https:\/\/www.gvg-heltersberg.de\/index.php?rest_route=\/wp\/v2\/pages\/13"}],"wp:attachment":[{"href":"https:\/\/www.gvg-heltersberg.de\/index.php?rest_route=%2Fwp%2Fv2%2Fmedia&parent=20"}],"curies":[{"name":"wp","href":"https:\/\/api.w.org\/{rel}","templated":true}]}}