{"id":221,"date":"2016-09-11T16:00:04","date_gmt":"2016-09-11T16:00:04","guid":{"rendered":"http:\/\/wordpress.gvg-heltersberg.de\/?page_id=221"},"modified":"2025-06-23T03:55:15","modified_gmt":"2025-06-23T03:55:15","slug":"vorstand","status":"publish","type":"page","link":"https:\/\/www.gvg-heltersberg.de\/?page_id=221","title":{"rendered":"Vorstand"},"content":{"rendered":"<p>&nbsp;<\/p>\n<table>\n<tbody>\n<tr>\n<td>&nbsp;<\/td>\n<td>\n<p><span style=\"color: #000000;\"><strong>Erste Vorsitzende:<\/strong><\/span><\/p>\n<p><span style=\"color: #000000;\">Nathalie Faust<\/span><\/td>\n<\/tr>\n<tr>\n<td>&nbsp;<\/td>\n<td>\n<p><span style=\"color: #000000;\"><strong>Zweiter Vorsitzender:<\/strong><\/span><\/p>\n<p><span style=\"color: #000000;\">Herbert Stuppy<\/span><\/td>\n<\/tr>\n<tr>\n<td>&nbsp;<\/td>\n<td>\n<p><span style=\"color: #000000;\"><strong>Erste Kassiererin:<\/strong><\/span><\/p>\n<p><span style=\"color: #000000;\">Eva Edinger<\/span><\/td>\n<\/tr>\n<tr>\n<td>&nbsp;<\/td>\n<td>\n<p><span style=\"color: #000000;\"><strong>Stellv. Kassiererin:<\/strong><\/span><\/p>\n<p><span style=\"color: #000000;\">Bettina Stahl<\/span><\/td>\n<\/tr>\n<tr>\n<td>&nbsp;<\/td>\n<td>\n<p><span style=\"color: #000000;\"><strong>Schriftf\u00fchrerin:<\/strong><\/span><\/p>\n<p><span style=\"color: #000000;\">Stefanie H\u00e4llmayer<\/span><\/td>\n<\/tr>\n<tr>\n<td>&nbsp;<\/td>\n<td>\n<p><span style=\"color: #000000;\"><strong>Kassenpr\u00fcfer:<\/strong><\/span><\/p>\n<p><span style=\"color: #000000;\">Karl Heinz Matheis<\/span><\/p>\n<p><span style=\"color: #000000;\">und<\/span><\/p>\n<p><span style=\"color: #000000;\">Michael Rubeck<\/span><\/td>\n<\/tr>\n<\/tbody>\n<\/table>\n<p>&nbsp;<\/p>\n","protected":false},"excerpt":{"rendered":"<p>&nbsp; &nbsp; Erste Vorsitzende: Nathalie Faust &nbsp; Zweiter Vorsitzender: Herbert Stuppy &nbsp; Erste Kassiererin: Eva Edinger &nbsp; Stellv. Kassiererin: Bettina Stahl &nbsp; Schriftf\u00fchrerin: Stefanie H\u00e4llmayer &nbsp; Kassenpr\u00fcfer: Karl Heinz Matheis und Michael Rubeck &nbsp;<\/p>\n","protected":false},"author":1,"featured_media":0,"parent":0,"menu_order":60,"comment_status":"closed","ping_status":"closed","template":"","meta":{"ngg_post_thumbnail":0,"footnotes":"","_links_to":"","_links_to_target":""},"_links":{"self":[{"href":"https:\/\/www.gvg-heltersberg.de\/index.php?rest_route=\/wp\/v2\/pages\/221"}],"collection":[{"href":"https:\/\/www.gvg-heltersberg.de\/index.php?rest_route=\/wp\/v2\/pages"}],"about":[{"href":"https:\/\/www.gvg-heltersberg.de\/index.php?rest_route=\/wp\/v2\/types\/page"}],"author":[{"embeddable":true,"href":"https:\/\/www.gvg-heltersberg.de\/index.php?rest_route=\/wp\/v2\/users\/1"}],"replies":[{"embeddable":true,"href":"https:\/\/www.gvg-heltersberg.de\/index.php?rest_route=%2Fwp%2Fv2%2Fcomments&post=221"}],"version-history":[{"count":17,"href":"https:\/\/www.gvg-heltersberg.de\/index.php?rest_route=\/wp\/v2\/pages\/221\/revisions"}],"predecessor-version":[{"id":2848,"href":"https:\/\/www.gvg-heltersberg.de\/index.php?rest_route=\/wp\/v2\/pages\/221\/revisions\/2848"}],"wp:attachment":[{"href":"https:\/\/www.gvg-heltersberg.de\/index.php?rest_route=%2Fwp%2Fv2%2Fmedia&parent=221"}],"curies":[{"name":"wp","href":"https:\/\/api.w.org\/{rel}","templated":true}]}}